10d366 - 138?
-10d4a0
In base 6, what is 101520534 + -5?
101520525
In base 2, what is -1101 - 1011100111010110110110010?
-1011100111010110110111111
In base 9, what is -47674543 - 15?
-47674558
In base 8, what is 17617 + 4422?
24241
In base 6, what is 103 + 10354432?
10354535
In base 16, what is -17109 - -33e?
-16dcb
In base 16, what is 1 - -21bce?
21bcf
In base 7, what is -2 - -10654250?
10654245
In base 5, what is -220 - 12043301311?
-12043302031
In base 16, what is -11c8 - -10776?
f5ae
In base 8, what is 4046641332 - -4?
4046641336
In base 8, what is 34 + -23304664?
-23304630
In base 7, what is -106664 - -363?
-106301
In base 14, what is -1a + -269d4?
-26a10
In base 11, what is -5 - -23a41a99?
23a41a94
In base 2, what is -1110000110001010 + -1011101?
-1110000111100111
In base 10, what is 488 + -156495?
-156007
In base 14, what is 14922b + 12?
14923d
In base 6, what is 14 + 1052253405?
1052253423
In base 5, what is -302 + -1202030212?
-1202031014
In base 2, what is -111 + -1011001011101101010101?
-1011001011101101011100
In base 3, what is -100022122111 + -1201?
-100022201012
In base 13, what is 1 - -326755a9?
326755aa
In base 14, what is 1 + -5a94ca?
-5a94c9
In base 12, what is -1207 + 38a62?
37857
In base 6, what is 12 - -3551221235?
3551221251
In base 8, what is 167431773 + 12?
167432005
In base 7, what is 114306005 + 25?
114306033
In base 7, what is 12102156303 + -5?
12102156265
In base 7, what is 114154500 - 0?
114154500
In base 8, what is -1066301623 + 2?
-1066301621
In base 8, what is -170762 - -52727?
-116033
In base 3, what is 10101120 - -11212012002?
11222120122
In base 12, what is -4742131 - 5?
-4742136
In base 2, what is 10000000 + -1101101111000010?
-1101101101000010
In base 8, what is -2372572 + -26?
-2372620
In base 3, what is 1220221002200 + 1?
1220221002201
In base 2, what is -101 + -1001001010111111111010?
-1001001010111111111111
In base 5, what is 13120 - 23124?
-10004
In base 11, what is 413 - 160094?
-15a781
In base 8, what is 1150347 + -67?
1150260
In base 14, what is 10d8d - 725?
10668
In base 14, what is 171caa + 11?
171cbb
In base 13, what is -a + -914b6?
-914c3
In base 5, what is 1101032 + 341232?
1442314
In base 9, what is -65 - 335835?
-336011
In base 13, what is -1232998c5 - -2?
-1232998c3
In base 4, what is -10002230 - -110313311?
100311021
In base 14, what is -3009c - -83b?
-2d661
In base 7, what is 265203564 + 4?
265203601
In base 3, what is 2222120120 - 220?
2222112200
In base 10, what is -78085 - -173?
-77912
In base 11, what is -31679a56 + 10?
-31679a46
In base 3, what is 21011202022210202 + -10?
21011202022210122
In base 14, what is 4 - 4cc9a7?
-4cc9a3
In base 15, what is 287bc + ce?
2889b
In base 16, what is 58 - d5057?
-d4fff
In base 10, what is -1949 + 31515?
29566
In base 12, what is 1104b0 - 1841?
10a86b
In base 7, what is 0 + -1046225600?
-1046225600
In base 6, what is 12 + -5500150?
-5500134
In base 16, what is -e9 + -1189bd?
-118aa6
In base 6, what is 324 + 401503241?
401504005
In base 16, what is 19ef13 - 1?
19ef12
In base 7, what is -4 + 104254456?
104254452
In base 15, what is 7 - 65713a9?
-65713a2
In base 9, what is -2326607 - -121?
-2326476
In base 3, what is 221 - 220011122001?
-220011121010
In base 2, what is -1110010 - 10100110010111111110?
-10100110011001110000
In base 9, what is 0 + 378416?
378416
In base 14, what is 2410 + 687?
2a97
In base 6, what is 10350 + 1345?
12135
In base 11, what is 7a14 - 2624?
53a0
In base 6, what is 2 - 1543021523?
-1543021521
In base 13, what is -8a30 - -33?
-89ca
In base 16, what is -285 + -3864?
-3ae9
In base 5, what is 221 - -4441022?
4441243
In base 15, what is ca999 + 9?
ca9a3
In base 8, what is 20646204 + 6?
20646212
In base 12, what is 154 - -436712?
436866
In base 7, what is 25 - -3315630?
3315655
In base 7, what is 120356 - -4100?
124456
In base 6, what is -140452240404 + -1?
-140452240405
In base 2, what is -10001111100 - -111111100000010?
111101010000110
In base 10, what is 2 - -3970464?
3970466
In base 7, what is -21116643 + -2?
-21116645
In base 7, what is 4 + -2333400155?
-2333400151
In base 5, what is -1443321124001 + -1?
-1443321124002
In base 15, what is 3259c - 639?
31e63
In base 14, what is 55 - -2116b6?
21172b
In base 2, what is 11000101110001 - 10010000010110011?
-1110111101000010
In base 2, what is -10011000011100111110 - 111111101?
-10011000100100111011
In base 14, what is 1597693c + -5?
15976937
In base 15, what is 68 - -408aa9?
408b22
In base 16, what is 145b - -264e?
3aa9
In base 5, what is -1224443234223 - -4?
-1224443234214
In base 9, what is -38027552 - 0?
-38027552
In base 5, what is 1032201 + 1002?
1033203
In base 15, what is -6 - -16d24bc?
16d24b6
In base 13, what is 1 + -13c1bbc3?
-13c1bbc2
In base 4, what is 1113 - 1320120323?
-1320113210
In base 7, what is -1230352 - -3024?
-1224325
In base 15, what is -6 - 1258aa?
-1258b1
In base 3, what is -100002210111001 + 2?
-100002210110222
In base 5, what is 3403401 + 122331?
4031232
In base 5, what is 1 - 2214001424?
-2214001423
In base 9, what is -5 + -1270557?
-1270563
In base 4, what is 2312102 - 2031220?
220222
In base 4, what is 113330221032313 - -2?
113330221032321
In base 7, what is 13 - -134510410?
134510423
In base 5, what is -414 - 2104134330?
-2104140244
In base 14, what is 2d3 + -2a9?
28
In base 5, what is -2024202331 - -4?
-2024202322
In base 15, what is -14d + 7d1c?
7bbe
In base 3, what is -21202 + 210012200212?
210012102010
In base 9, what is -7423 + -34448?
-42872
In base 15, what is b - 2ed5887?
-2ed587b
In base 6, what is -10150224 + -205?
-10150433
In base 8, what is 1 - -6746032?
6746033
In base 12, what is -3 - -441931b5?
441931b2
In base 5, what is -43 + -2143012034?
-2143012132
In base 4, what is 2101020020211 + -11?
2101020020200
In base 7, what is 416163 + -16402?
366461
In base 16, what is 2e542ac + -2?
2e542aa
In base 3, what is 2101002100122111020 - 2?
2101002100122111011
In base 16, what is 1a + -7b6aa?
-7b690
In base 7, what is -1214061623 - 2?
-1214061625
In base 14, what is a - a617a?
-a6170
In base 2, what is 100101110010110 + 101100101?
100110011111011
In base 13, what is -282 - 47abb?
-48070
In base 13, what is -9cb + -2874?
-3572
In base 11, what is -1 + -a3a88?
-a3a89
In base 14, what is 152 + -127346?
-1271d4
In base 13, what is 28ac98 + -b6?
28abb2
In base 6, what is 2115501032 + 5?
2115501041
In base 9, what is -316 + 58850?
58533
In base 10, what is 22 - 387285?
-387263
In base 6, what is -425003 - 303?
-425310
In base 7, what is 640332 - -136?
640501
In base 9, what is 170 - 258651?
-258471
In base 9, what is 3180 + 8568?
12758
In base 2, what is -101 - -100000001111100010100100?
100000001111100010011111
In base 11, what is -14a1a3 - -1165?
-149039
In base 4, what is -102022212 + 233?
-102021313
In base 15, what is 2250 - -1a?
226a
In base 9, what is -7108466 - 11?
-7108477
In base 12, what is 6854 + 18b?
6a23
In base 3, what is 1210212011 + 210120?
1211122201
In base 12, what is 5 - 2093b65b?
-2093b656
In base 10, what is 18897 - 616?
18281
In base 7, what is 1054405 + 11246?
1065654
In base 2, what is 11 - -110100101110100101010010?
110100101110100101010101
In base 16, what is -2a27697 + 4?
-2a27693
In base 9, what is 11623 - 1280?
10333
In base 16, what is 12bbc90 + 10?
12bbca0
In base 6, what is 1423103 - 113?
1422550
In base 3, what is -111022 + -21011012211?
-21011201010
In base 9, what is -26616286 - -33?
-26616253
In base 4, what is -103011333221133 - 1?
-103011333221200
In base 14, what is -2 - 87c4b8?
-87c4ba
In base 5, what is 44 + 12443300?
12443344
In base 11, what is -84 - -130a45?
130971
In base 2, what is -100000101011110010010 + -1001?
-100000101011110011011
In base 7, what is 222461440 - -4?
222461444
In base 6, what is -1101521531 + 4?
-1101521523
In base 3, what is 1011222212120 - 12?
1011222212101
In base 16, what is -5728 - -770?
-4fb8
In base 2, what is -1111011 - -10101010101101000?
10101010011101101
In base 14, what is b4 - -175d88?
17605c
In base 2, what is -100111010001011 - 11001011101010?
-1000000101110101
In base 4, what is -13333 - 231102?
-311101
In base 11, what is -3516 + -85a3?
-11009
In base 9, what is 643166 - 11?
643155
In base 10, what is 81748708 - 9?
81748699
In base 7, what is -6161 - -213434?
2042